
{"id":27947,"date":"2022-12-21T07:04:58","date_gmt":"2022-12-21T13:04:58","guid":{"rendered":"https:\/\/www.nfu.ca\/event\/comment-acceder-aux-terres-agricoles-en-utilisant-des-modeles-cooperatifs\/"},"modified":"2022-12-21T07:04:58","modified_gmt":"2022-12-21T13:04:58","slug":"comment-acceder-aux-terres-agricoles-en-utilisant-des-modeles-cooperatifs","status":"publish","type":"tribe_events","link":"https:\/\/www.nfu.ca\/fr\/evenement\/comment-acceder-aux-terres-agricoles-en-utilisant-des-modeles-cooperatifs\/","title":{"rendered":"Comment acc\u00e9der aux terres agricoles \u00e0 l&rsquo;aide de mod\u00e8les coop\u00e9ratifs ?"},"content":{"rendered":"<p>Ce webinaire examine comment les coop\u00e9ratives de la Colombie-Britannique rendent les terres agricoles accessibles \u00e0 l&rsquo;agriculture durable. Les pan\u00e9listes discuteront des raisons pour lesquelles ils ont cr\u00e9\u00e9 une coop\u00e9rative, de ce dont il s&rsquo;agit, des principaux d\u00e9fis \u00e0 relever et de la mani\u00e8re dont leurs coop\u00e9ratives y parviennent.<\/p>\n<h3><span lang=\"EN-US\" style=\"color: #000000;\"><strong>Pr\u00e9sident du webinaire<\/strong><\/span><\/h3>\n<p><span lang=\"EN-US\"><img loading=\"lazy\" decoding=\"async\" class=\"alignleft wp-image-16530 size-thumbnail\" src=\"https:\/\/www.nfu.ca\/wp-content\/uploads\/2022\/12\/Farmland-Committee-Webinars-1-150x150.png\" alt=\"\" width=\"150\" height=\"150\" srcset=\"https:\/\/www.nfu.ca\/wp-content\/uploads\/2022\/12\/Farmland-Committee-Webinars-1-150x150.png 150w, https:\/\/www.nfu.ca\/wp-content\/uploads\/2022\/12\/Farmland-Committee-Webinars-1-300x300.png 300w, https:\/\/www.nfu.ca\/wp-content\/uploads\/2022\/12\/Farmland-Committee-Webinars-1-1024x1024.png 1024w, https:\/\/www.nfu.ca\/wp-content\/uploads\/2022\/12\/Farmland-Committee-Webinars-1-768x768.png 768w, https:\/\/www.nfu.ca\/wp-content\/uploads\/2022\/12\/Farmland-Committee-Webinars-1.png 1080w\" sizes=\"auto, (max-width: 150px) 100vw, 150px\" \/><strong>Antonio Gomes<\/strong> dirige la <\/span><a rel=\"noopener\" target=\"_blank\" href=\"https:\/\/cavaleiro.farm\/\">ferme Cavaleiro<\/a> \u00e0 Schomberg, en Ontario. La ferme produit des l\u00e9gumes, des fruits, des moutons et des fermi\u00e8res. Les fermi\u00e8res exploitent leurs entreprises alimentaires locales selon des principes \u00e9cologiques et coop\u00e9ratifs. Il dirige \u00e9galement un programme d&rsquo;acc\u00e9l\u00e9ration pour les propri\u00e9taires de terres agricoles qui d\u00e9veloppent des fermes communautaires et la r\u00e9silience.<\/p>\n<h3><\/h3>\n<p>&nbsp;<\/p>\n<h3 style=\"text-align: left;\"><strong>Mod\u00e9rateur du panel<\/strong><\/h3>\n<p><img loading=\"lazy\" decoding=\"async\" class=\"wp-image-16531 size-thumbnail alignleft\" src=\"https:\/\/www.nfu.ca\/wp-content\/uploads\/2022\/12\/Heather-H-150x150.jpg\" alt=\"\" width=\"150\" height=\"150\" srcset=\"https:\/\/www.nfu.ca\/wp-content\/uploads\/2022\/12\/Heather-H-150x150.jpg 150w, https:\/\/www.nfu.ca\/wp-content\/uploads\/2022\/12\/Heather-H-768x768.jpg 768w\" sizes=\"auto, (max-width: 150px) 100vw, 150px\" \/><strong>Heather Hallgrimson<\/strong> est directrice de l&rsquo;entreprenariat chez <a rel=\"noopener\" target=\"_blank\" href=\"https:\/\/cooperativesfirst.com\/\">Co-operatives First<\/a> et, \u00e0 ce titre, elle soutient les groupes qui cr\u00e9ent des coop\u00e9ratives. Elle a \u00e9tudi\u00e9 la linguistique et la politique et a grandi dans toutes les r\u00e9gions rurales de la Saskatchewan. Elle r\u00e9side aujourd&rsquo;hui \u00e0 Saskatoon.<\/p>\n<p>&nbsp;<\/p>\n<h3><\/h3>\n<p>&nbsp;<\/p>\n<h3 style=\"font-weight: 400; text-align: left;\"><strong>Les pan\u00e9listes<\/strong><\/h3>\n<p style=\"font-weight: 400;\"> <strong><img loading=\"lazy\" decoding=\"async\" class=\"alignleft wp-image-16532 size-thumbnail\" src=\"https:\/\/www.nfu.ca\/wp-content\/uploads\/2022\/12\/Heather-Photo-Slow-Food-Canada-Summit-150x150.jpeg\" alt=\"\" width=\"150\" height=\"150\"> Heather Pritchard <\/strong>a cofond\u00e9 une entreprise agricole (en 1985) sur la ferme Fraser Common et est reconnue pour avoir cr\u00e9\u00e9 la premi\u00e8re salade verte mixte cultiv\u00e9e commercialement au Canada. En 2006, l&rsquo;entreprise est devenue une coop\u00e9rative, Glorious Organics. En tant que membre fondateur de FarmFolk CityFolk, elle a coordonn\u00e9 la r\u00e9gion de la Colombie-Britannique de l&rsquo;initiative de la famille Bauta sur la s\u00e9curit\u00e9 des semences au Canada, s&rsquo;est associ\u00e9e \u00e0 Young Agrarians et a soutenu le d\u00e9veloppement de coop\u00e9ratives agricoles communautaires. Elle est \u00e9galement membre fondateur du Vancouver Food Policy Council et du BC Food Systems Network, et est l&rsquo;actuelle pr\u00e9sidente de Slow Food au Canada. En 2015, Heather a re\u00e7u le Brad Reid Memorial Award pour sa contribution exceptionnelle au secteur biologique en Colombie-Britannique. Le 1er janvier 2018, Heather a quitt\u00e9 FarmFolk CityFolk pour travailler \u00e0 temps plein pour la <a rel=\"noopener\" target=\"_blank\" href=\"https:\/\/bcca.coop\/membership\/members\/foodlands-cooperative-of-bc\/#:~:text=The%20Foodlands%20Cooperative%20of%20BC,manage%20it%20for%20food%20provisioning.\">Foodlands Cooperative of British Columbia<\/a>.<\/p>\n<p style=\"font-weight: 400;\"><strong><img loading=\"lazy\" decoding=\"async\" class=\"alignleft wp-image-16533 size-thumbnail\" src=\"https:\/\/www.nfu.ca\/wp-content\/uploads\/2022\/12\/Chris-Bodnar-150x150.jpeg\" alt=\"\" width=\"150\" height=\"150\">Chris Bodnar<\/strong> est fermier \u00e0 Abbotsford, avec sa femme Paige, \u00e0 la <a rel=\"noopener\" target=\"_blank\" href=\"https:\/\/www.closetohomeorganics.com\/\">Glen Valley Organic Farm Co-op<\/a>. Ils cultivent des l\u00e9gumes biologiques \u00e0 la fermiere depuis 2007, les vendent sur les march\u00e9s de producteurs, les march\u00e9s de gros et g\u00e8rent un programme d&rsquo;agriculture soutenue par la communaut\u00e9 qui compte 480 membres. En dehors de la saison, Chris est \u00e9galement consultant en affaires agricoles et a d\u00e9velopp\u00e9 et enseign\u00e9 le cours Business of Agriculture dans le cadre du programme d&rsquo;agriculture durable de l&rsquo;Universit\u00e9 polytechnique de Kwantlen de 2015 \u00e0 2021.<\/p>\n<p>&nbsp;<\/p>\n\n","protected":false},"excerpt":{"rendered":"<p>Ce webinaire examine comment les coop\u00e9ratives de la Colombie-Britannique rendent les terres agricoles accessibles \u00e0 l&rsquo;agriculture durable. Les pan\u00e9listes discuteront des raisons pour lesquelles ils ont cr\u00e9\u00e9 une coop\u00e9rative, de<\/p>\n","protected":false},"author":2,"featured_media":0,"template":"","meta":{"_acf_changed":false,"_tec_requires_first_save":false,"_EventAllDay":false,"_EventTimezone":"America\/Vancouver","_EventStartDate":"2023-01-19 12:00:00","_EventEndDate":"2023-01-19 13:30:00","_EventStartDateUTC":"2023-01-19 20:00:00","_EventEndDateUTC":"2023-01-19 21:30:00","_EventShowMap":true,"_EventShowMapLink":true,"_EventURL":"","_EventCost":"","_EventCostDescription":"","_EventCurrencySymbol":"","_EventCurrencyCode":"","_EventCurrencyPosition":"","_EventDateTimeSeparator":"","_EventTimeRangeSeparator":"","_EventOrganizerID":[14923,16562],"_EventVenueID":[14867],"_OrganizerEmail":"","_OrganizerPhone":"","_OrganizerWebsite":"","_VenueAddress":"","_VenueCity":"","_VenueCountry":"","_VenueProvince":"","_VenueState":"","_VenueZip":"","_VenuePhone":"","_VenueURL":"","_VenueStateProvince":"","_VenueLat":"","_VenueLng":"","_VenueShowMap":false,"_VenueShowMapLink":false,"_tribe_blocks_recurrence_rules":"","_tribe_blocks_recurrence_description":"","_tribe_blocks_recurrence_exclusions":"","_ecp_custom_4":"","_ecp_custom_7":"","_ecp_custom_9":"","_ecp_custom_10":"","_ecp_custom_12":"","_ecp_custom_13":"","_tribe_events_status":"","_tribe_events_status_reason":"","_tribe_events_is_hybrid":"","_tribe_events_is_virtual":"","_tribe_events_virtual_video_source":"","_tribe_events_virtual_embed_video":"","_tribe_events_virtual_linked_button_text":"","_tribe_events_virtual_linked_button":"","_tribe_events_virtual_show_embed_at":"","_tribe_events_virtual_show_embed_to":[],"_tribe_events_virtual_show_on_event":"","_tribe_events_virtual_show_on_views":"","_tribe_events_virtual_url":"","footnotes":""},"tags":[362],"post_region":[326],"post_campaign":[333],"tec_locale":[],"tec_language":[],"tribe_events_cat":[505],"class_list":["post-27947","tribe_events","type-tribe_events","status-publish","hentry","tag-terres-agricoles","post_region-region-8","post_campaign-propriete-des-terres-agricoles","tribe_events_cat-serie-de-webinaires-du-comite-des-terres-agricoles","cat_serie-de-webinaires-du-comite-des-terres-agricoles"],"acf":[],"_links":{"self":[{"href":"https:\/\/www.nfu.ca\/fr\/wp-json\/wp\/v2\/tribe_events\/27947","targetHints":{"allow":["GET"]}}],"collection":[{"href":"https:\/\/www.nfu.ca\/fr\/wp-json\/wp\/v2\/tribe_events"}],"about":[{"href":"https:\/\/www.nfu.ca\/fr\/wp-json\/wp\/v2\/types\/tribe_events"}],"author":[{"embeddable":true,"href":"https:\/\/www.nfu.ca\/fr\/wp-json\/wp\/v2\/users\/2"}],"version-history":[{"count":0,"href":"https:\/\/www.nfu.ca\/fr\/wp-json\/wp\/v2\/tribe_events\/27947\/revisions"}],"wp:attachment":[{"href":"https:\/\/www.nfu.ca\/fr\/wp-json\/wp\/v2\/media?parent=27947"}],"wp:term":[{"taxonomy":"post_tag","embeddable":true,"href":"https:\/\/www.nfu.ca\/fr\/wp-json\/wp\/v2\/tags?post=27947"},{"taxonomy":"post_region","embeddable":true,"href":"https:\/\/www.nfu.ca\/fr\/wp-json\/wp\/v2\/post_region?post=27947"},{"taxonomy":"post_campaign","embeddable":true,"href":"https:\/\/www.nfu.ca\/fr\/wp-json\/wp\/v2\/post_campaign?post=27947"},{"taxonomy":"tec_locale","embeddable":true,"href":"https:\/\/www.nfu.ca\/fr\/wp-json\/wp\/v2\/tec_locale?post=27947"},{"taxonomy":"tec_language","embeddable":true,"href":"https:\/\/www.nfu.ca\/fr\/wp-json\/wp\/v2\/tec_language?post=27947"},{"taxonomy":"tribe_events_cat","embeddable":true,"href":"https:\/\/www.nfu.ca\/fr\/wp-json\/wp\/v2\/tribe_events_cat?post=27947"}],"curies":[{"name":"wp","href":"https:\/\/api.w.org\/{rel}","templated":true}]}}

Comment accéder aux terres agricoles à l&rsquo;aide de modèles coopératifs ?

<p>Ce webinaire examine comment les coopératives de la Colombie-Britannique rendent les terres agricoles accessibles à l&rsquo;agriculture durable. Les panélistes discuteront des raisons pour lesquelles ils ont créé une coopérative, de ce dont il s&rsquo;agit, des principaux défis à relever et de la manière dont leurs coopératives y parviennent.</p>
<h3><span lang="EN-US" style="color: #000000;"><strong>Président du webinaire</strong></span></h3>
<p><span lang="EN-US"><img loading="lazy" decoding="async" class="alignleft wp-image-16530 size-thumbnail" src="https://www.nfu.ca/wp-content/uploads/2022/12/Farmland-Committee-Webinars-1-150x150.png" alt="" width="150" height="150" srcset="https://www.nfu.ca/wp-content/uploads/2022/12/Farmland-Committee-Webinars-1-150x150.png 150w, https://www.nfu.ca/wp-content/uploads/2022/12/Farmland-Committee-Webinars-1-300x300.png 300w, https://www.nfu.ca/wp-content/uploads/2022/12/Farmland-Committee-Webinars-1-1024x1024.png 1024w, https://www.nfu.ca/wp-content/uploads/2022/12/Farmland-Committee-Webinars-1-768x768.png 768w, https://www.nfu.ca/wp-content/uploads/2022/12/Farmland-Committee-Webinars-1.png 1080w" sizes="auto, (max-width: 150px) 100vw, 150px" /><strong>Antonio Gomes</strong> dirige la </span><a rel="noopener" target="_blank" href="https://cavaleiro.farm/">ferme Cavaleiro</a> à Schomberg, en Ontario. La ferme produit des légumes, des fruits, des moutons et des fermières. Les fermières exploitent leurs entreprises alimentaires locales selon des principes écologiques et coopératifs. Il dirige également un programme d&rsquo;accélération pour les propriétaires de terres agricoles qui développent des fermes communautaires et la résilience.</p>
<h3></h3>
<p>&nbsp;</p>
<h3 style="text-align: left;"><strong>Modérateur du panel</strong></h3>
<p><img loading="lazy" decoding="async" class="wp-image-16531 size-thumbnail alignleft" src="https://www.nfu.ca/wp-content/uploads/2022/12/Heather-H-150x150.jpg" alt="" width="150" height="150" srcset="https://www.nfu.ca/wp-content/uploads/2022/12/Heather-H-150x150.jpg 150w, https://www.nfu.ca/wp-content/uploads/2022/12/Heather-H-768x768.jpg 768w" sizes="auto, (max-width: 150px) 100vw, 150px" /><strong>Heather Hallgrimson</strong> est directrice de l&rsquo;entreprenariat chez <a rel="noopener" target="_blank" href="https://cooperativesfirst.com/">Co-operatives First</a> et, à ce titre, elle soutient les groupes qui créent des coopératives. Elle a étudié la linguistique et la politique et a grandi dans toutes les régions rurales de la Saskatchewan. Elle réside aujourd&rsquo;hui à Saskatoon.</p>
<p>&nbsp;</p>
<h3></h3>
<p>&nbsp;</p>
<h3 style="font-weight: 400; text-align: left;"><strong>Les panélistes</strong></h3>
<p style="font-weight: 400;"> <strong><img loading="lazy" decoding="async" class="alignleft wp-image-16532 size-thumbnail" src="https://www.nfu.ca/wp-content/uploads/2022/12/Heather-Photo-Slow-Food-Canada-Summit-150x150.jpeg" alt="" width="150" height="150"> Heather Pritchard </strong>a cofondé une entreprise agricole (en 1985) sur la ferme Fraser Common et est reconnue pour avoir créé la première salade verte mixte cultivée commercialement au Canada. En 2006, l&rsquo;entreprise est devenue une coopérative, Glorious Organics. En tant que membre fondateur de FarmFolk CityFolk, elle a coordonné la région de la Colombie-Britannique de l&rsquo;initiative de la famille Bauta sur la sécurité des semences au Canada, s&rsquo;est associée à Young Agrarians et a soutenu le développement de coopératives agricoles communautaires. Elle est également membre fondateur du Vancouver Food Policy Council et du BC Food Systems Network, et est l&rsquo;actuelle présidente de Slow Food au Canada. En 2015, Heather a reçu le Brad Reid Memorial Award pour sa contribution exceptionnelle au secteur biologique en Colombie-Britannique. Le 1er janvier 2018, Heather a quitté FarmFolk CityFolk pour travailler à temps plein pour la <a rel="noopener" target="_blank" href="https://bcca.coop/membership/members/foodlands-cooperative-of-bc/#:~:text=The%20Foodlands%20Cooperative%20of%20BC,manage%20it%20for%20food%20provisioning.">Foodlands Cooperative of British Columbia</a>.</p>
<p style="font-weight: 400;"><strong><img loading="lazy" decoding="async" class="alignleft wp-image-16533 size-thumbnail" src="https://www.nfu.ca/wp-content/uploads/2022/12/Chris-Bodnar-150x150.jpeg" alt="" width="150" height="150">Chris Bodnar</strong> est fermier à Abbotsford, avec sa femme Paige, à la <a rel="noopener" target="_blank" href="https://www.closetohomeorganics.com/">Glen Valley Organic Farm Co-op</a>. Ils cultivent des légumes biologiques à la fermiere depuis 2007, les vendent sur les marchés de producteurs, les marchés de gros et gèrent un programme d&rsquo;agriculture soutenue par la communauté qui compte 480 membres. En dehors de la saison, Chris est également consultant en affaires agricoles et a développé et enseigné le cours Business of Agriculture dans le cadre du programme d&rsquo;agriculture durable de l&rsquo;Université polytechnique de Kwantlen de 2015 à 2021.</p>
<p>&nbsp;</p>

<p>Ce webinaire examine comment les coopératives de la Colombie-Britannique rendent les terres agricoles accessibles à l&rsquo;agriculture durable. Les panélistes discuteront des raisons pour lesquelles ils ont créé une coopérative, de</p>
