
{"id":27527,"date":"2019-07-22T16:53:42","date_gmt":"2019-07-22T22:53:42","guid":{"rendered":"https:\/\/www.nfu.ca\/publications\/union-fermiere-trimestrielle-ete-2019\/"},"modified":"2025-02-14T13:07:01","modified_gmt":"2025-02-14T19:07:01","slug":"union-fermiere-trimestrielle-ete-2019","status":"publish","type":"publications","link":"https:\/\/www.nfu.ca\/fr\/publications\/union-fermiere-trimestrielle-ete-2019\/","title":{"rendered":"Union Fermi\u00e8re Trimestrielle : \u00c9t\u00e9 2019"},"content":{"rendered":"<h3>Dans ce num\u00e9ro :<\/h3>\n<p><strong>Messages<\/strong> du comit\u00e9 consultatif de r\u00e9daction, de la pr\u00e9sidente Katie Ward, de la pr\u00e9sidente des femmes Toby Malloy, du pr\u00e9sident des jeunes Stuart Oke et des coordinateurs r\u00e9gionaux.<\/p>\n<p><strong>C&rsquo;est un retour dans le pass\u00e9 !<\/strong>  \u00c0 l&rsquo;occasion du 50e anniversaire de l&rsquo;UNF, nous dressons le profil de certaines personnes qui ont occup\u00e9 des postes \u00e9lectifs nationaux au fil des ans, notamment Urban Laughlin &#8211; militant agricole de longue date, membre fondateur de l&rsquo;UNF et seul membre de l&rsquo;UNF \u00e0 pouvoir se vanter d&rsquo;avoir assist\u00e9 \u00e0 tous les congr\u00e8s nationaux ; Wayne Easter, pr\u00e9sident national de 1982 \u00e0 1993 ; et Kalissa Regier, membre du conseil d&rsquo;administration national de 2006 \u00e0 2010.<\/p>\n<h3>Articles :<\/h3>\n<p><strong>L&rsquo;ONU lance la D\u00e9cennie de l&rsquo;agriculture familiale : La Via Campesina insiste sur l&rsquo;agro\u00e9cologie et les droits des paysans<\/strong> &#8211; <em>par Jessie MacInnis, vice-pr\u00e9sidente de la jeunesse de l&rsquo;UNF. <\/em>Jessie note que sans LVC dans des espaces tels que les Nations Unies, les voix des fermi\u00e8res du monde entier manqueraient cruellement, tandis que le libre-\u00e9change, les soci\u00e9t\u00e9s agro-industrielles et la technologie qu&rsquo;elles contr\u00f4lent continueraient d&rsquo;\u00eatre incontr\u00f4l\u00e9s.<em><br \/>\n<\/em><br \/>\n<strong>La CCG, la souverainet\u00e9 des semences, le canola et la politique alimentaire nationale \u00e0 l&rsquo;ordre du jour de la visite de l&rsquo;UNF \u00e0 Ottawa<\/strong> <em>&#8211; par Cam Goff, vice-pr\u00e9sident aux politiques <\/em>. En juin dernier, Katie Ward, pr\u00e9sidente de l&rsquo;UNF, Stewart Wells, vice-pr\u00e9sident des op\u00e9rations de l&rsquo;UNF, et Cam Goff, vice-pr\u00e9sident des politiques de l&rsquo;UNF, \u00e9taient \u00e0 Ottawa pour faire pression sur les politiciens au sujet de la Commission canadienne des grains, de la souverainet\u00e9 des semences, du diff\u00e9rend commercial sur le canola avec la Chine et de la politique alimentaire nationale.<\/p>\n<p><strong>La paille de l&rsquo;ACEUM va briser le dos de la gestion de l&rsquo;offre<\/strong> &#8211; <em>par Jan Slomp. <\/em>Avec l&rsquo;entr\u00e9e en vigueur du nouvel ACEUM, qui nourrira les Canadiens lorsque le changement climatique provoquera des chocs dans la production et la distribution des denr\u00e9es alimentaires ?<\/p>\n<p><strong>Civilisation critique : \u00e9nergie, alimentation, nature et avenir<\/strong> par Darrin Qualman. Critique de livre <em>&#8211; par Nettie Wiebe. <\/em> Nettie conclut que ce livre est un \u00ab\u00a0must read\u00a0\u00bb (\u00e0 lire absolument), \u00e9crit d&rsquo;une mani\u00e8re si claire, accessible et convaincante que vous aurez envie de le relire, de l&rsquo;annoter et de l&#8217;emmener avec vous au caf\u00e9.<\/p>\n<p><strong>Mise \u00e0 jour sur la souverainet\u00e9 des semences : Notre travail pour garder le contr\u00f4le des semences se poursuit<\/strong> <em>&#8211; par Cam Goff, vice-pr\u00e9sident de l&rsquo;UNF charg\u00e9 des politiques <\/em>. Alors que la question de la souverainet\u00e9 sur les semences est rest\u00e9e silencieuse sur la sc\u00e8ne publique depuis plusieurs mois, AAC et le groupe Seed Synergy ont travaill\u00e9 d\u00e9sesp\u00e9r\u00e9ment en priv\u00e9 pour tenter de donner \u00e0 cette question une tournure qui la rende acceptable pour les fermi\u00e8res.<\/p>\n<p>L&rsquo;<strong>UNF agit sur les questions relatives au glyphosate<\/strong> <em>&#8211; par Cherry Halcovitch. <\/em>Cherry explique le contexte de la p\u00e9tition en ligne de l&rsquo;UNF exigeant que l&rsquo;ARLA limite de mani\u00e8re vocale et coh\u00e9rente l&rsquo;utilisation du glyphosate pour l&rsquo;ass\u00e8chement des cultures.<\/p>\n<h3>Participez :<\/h3>\n<p><strong>Projet de leadership climatique de l&rsquo;UNF<\/strong> &#8211; nous voulons savoir comment le changement climatique vous affecte et comment vous pratiquez l&rsquo;agriculture.<br \/>\nD\u00e9tails de la <strong>50\u00e8me convention annuelle de l&rsquo;UNF<\/strong> et <a href=\"https:\/\/www.nfu.ca\/2019convention\/register\/\"><br \/>\n  <strong>l&rsquo;inscription \u00e0 l&rsquo;avance<\/strong><br \/>\n<\/a> info<br \/>\n<strong>Prix Beingessner<\/strong> &#8211; Le th\u00e8me de cette ann\u00e9e est le suivant :  <em>Les fermi\u00e8res sont en premi\u00e8re ligne de la crise climatique. \u00c0 l&rsquo;heure o\u00f9 les fermiers doivent envisager et mettre en \u0153uvre des strat\u00e9gies d&rsquo;adaptation au climat et d&rsquo;att\u00e9nuation de ses effets, \u00e0 quoi ressemble pour vous l&rsquo;agriculture dans un climat en \u00e9volution ?<\/em>  Date limite d&rsquo;inscription : 1er novembre 2019<\/p>\n","protected":false},"excerpt":{"rendered":"<p>Dans ce num\u00e9ro : Messages du comit\u00e9 consultatif de r\u00e9daction, de la pr\u00e9sidente Katie Ward, de la pr\u00e9sidente des femmes Toby Malloy, du pr\u00e9sident des jeunes Stuart Oke et des<\/p>\n","protected":false},"author":2,"featured_media":24343,"template":"","meta":{"_acf_changed":false,"_tec_requires_first_save":true,"_EventAllDay":false,"_EventTimezone":"","_EventStartDate":"","_EventEndDate":"","_EventStartDateUTC":"","_EventEndDateUTC":"","_EventShowMap":false,"_EventShowMapLink":false,"_EventURL":"","_EventCost":"","_EventCostDescription":"","_EventCurrencySymbol":"","_EventCurrencyCode":"","_EventCurrencyPosition":"","_EventDateTimeSeparator":"","_EventTimeRangeSeparator":"","_EventOrganizerID":[],"_EventVenueID":[],"_OrganizerEmail":"","_OrganizerPhone":"","_OrganizerWebsite":"","_VenueAddress":"","_VenueCity":"","_VenueCountry":"","_VenueProvince":"","_VenueState":"","_VenueZip":"","_VenuePhone":"","_VenueURL":"","_VenueStateProvince":"","_VenueLat":"","_VenueLng":"","_VenueShowMap":false,"_VenueShowMapLink":false,"_tribe_blocks_recurrence_rules":"","_tribe_blocks_recurrence_description":"","_tribe_blocks_recurrence_exclusions":"","_ecp_custom_4":"","_ecp_custom_7":"","_ecp_custom_9":"","_ecp_custom_10":"","_ecp_custom_12":"","_ecp_custom_13":""},"tags":[],"pub_types":[597,316],"post_region":[],"post_campaign":[328,332,349,338,348,347],"pub-year":[470],"class_list":["post-27527","publications","type-publications","status-publish","has-post-thumbnail","hentry","pub_types-periodiques","pub_types-union-fermiere","post_campaign-agroecologie","post_campaign-changement-climatique","post_campaign-commerce","post_campaign-commercialisation-et-transport-des-cereales","post_campaign-gestion-de-loffre","post_campaign-semences","pub-year-2019-fr"],"acf":[],"_links":{"self":[{"href":"https:\/\/www.nfu.ca\/fr\/wp-json\/wp\/v2\/publications\/27527","targetHints":{"allow":["GET"]}}],"collection":[{"href":"https:\/\/www.nfu.ca\/fr\/wp-json\/wp\/v2\/publications"}],"about":[{"href":"https:\/\/www.nfu.ca\/fr\/wp-json\/wp\/v2\/types\/publications"}],"author":[{"embeddable":true,"href":"https:\/\/www.nfu.ca\/fr\/wp-json\/wp\/v2\/users\/2"}],"wp:featuredmedia":[{"embeddable":true,"href":"https:\/\/www.nfu.ca\/fr\/wp-json\/wp\/v2\/media\/24343"}],"wp:attachment":[{"href":"https:\/\/www.nfu.ca\/fr\/wp-json\/wp\/v2\/media?parent=27527"}],"wp:term":[{"taxonomy":"post_tag","embeddable":true,"href":"https:\/\/www.nfu.ca\/fr\/wp-json\/wp\/v2\/tags?post=27527"},{"taxonomy":"pub_types","embeddable":true,"href":"https:\/\/www.nfu.ca\/fr\/wp-json\/wp\/v2\/pub_types?post=27527"},{"taxonomy":"post_region","embeddable":true,"href":"https:\/\/www.nfu.ca\/fr\/wp-json\/wp\/v2\/post_region?post=27527"},{"taxonomy":"post_campaign","embeddable":true,"href":"https:\/\/www.nfu.ca\/fr\/wp-json\/wp\/v2\/post_campaign?post=27527"},{"taxonomy":"pub-year","embeddable":true,"href":"https:\/\/www.nfu.ca\/fr\/wp-json\/wp\/v2\/pub-year?post=27527"}],"curies":[{"name":"wp","href":"https:\/\/api.w.org\/{rel}","templated":true}]}}

Union Fermière Trimestrielle : Été 2019

<h3>Dans ce numéro :</h3>
<p><strong>Messages</strong> du comité consultatif de rédaction, de la présidente Katie Ward, de la présidente des femmes Toby Malloy, du président des jeunes Stuart Oke et des coordinateurs régionaux.</p>
<p><strong>C&rsquo;est un retour dans le passé !</strong>  À l&rsquo;occasion du 50e anniversaire de l&rsquo;UNF, nous dressons le profil de certaines personnes qui ont occupé des postes électifs nationaux au fil des ans, notamment Urban Laughlin &#8211; militant agricole de longue date, membre fondateur de l&rsquo;UNF et seul membre de l&rsquo;UNF à pouvoir se vanter d&rsquo;avoir assisté à tous les congrès nationaux ; Wayne Easter, président national de 1982 à 1993 ; et Kalissa Regier, membre du conseil d&rsquo;administration national de 2006 à 2010.</p>
<h3>Articles :</h3>
<p><strong>L&rsquo;ONU lance la Décennie de l&rsquo;agriculture familiale : La Via Campesina insiste sur l&rsquo;agroécologie et les droits des paysans</strong> &#8211; <em>par Jessie MacInnis, vice-présidente de la jeunesse de l&rsquo;UNF. </em>Jessie note que sans LVC dans des espaces tels que les Nations Unies, les voix des fermières du monde entier manqueraient cruellement, tandis que le libre-échange, les sociétés agro-industrielles et la technologie qu&rsquo;elles contrôlent continueraient d&rsquo;être incontrôlés.<em><br />
</em><br />
<strong>La CCG, la souveraineté des semences, le canola et la politique alimentaire nationale à l&rsquo;ordre du jour de la visite de l&rsquo;UNF à Ottawa</strong> <em>&#8211; par Cam Goff, vice-président aux politiques </em>. En juin dernier, Katie Ward, présidente de l&rsquo;UNF, Stewart Wells, vice-président des opérations de l&rsquo;UNF, et Cam Goff, vice-président des politiques de l&rsquo;UNF, étaient à Ottawa pour faire pression sur les politiciens au sujet de la Commission canadienne des grains, de la souveraineté des semences, du différend commercial sur le canola avec la Chine et de la politique alimentaire nationale.</p>
<p><strong>La paille de l&rsquo;ACEUM va briser le dos de la gestion de l&rsquo;offre</strong> &#8211; <em>par Jan Slomp. </em>Avec l&rsquo;entrée en vigueur du nouvel ACEUM, qui nourrira les Canadiens lorsque le changement climatique provoquera des chocs dans la production et la distribution des denrées alimentaires ?</p>
<p><strong>Civilisation critique : énergie, alimentation, nature et avenir</strong> par Darrin Qualman. Critique de livre <em>&#8211; par Nettie Wiebe. </em> Nettie conclut que ce livre est un « must read » (à lire absolument), écrit d&rsquo;une manière si claire, accessible et convaincante que vous aurez envie de le relire, de l&rsquo;annoter et de l&#8217;emmener avec vous au café.</p>
<p><strong>Mise à jour sur la souveraineté des semences : Notre travail pour garder le contrôle des semences se poursuit</strong> <em>&#8211; par Cam Goff, vice-président de l&rsquo;UNF chargé des politiques </em>. Alors que la question de la souveraineté sur les semences est restée silencieuse sur la scène publique depuis plusieurs mois, AAC et le groupe Seed Synergy ont travaillé désespérément en privé pour tenter de donner à cette question une tournure qui la rende acceptable pour les fermières.</p>
<p>L&rsquo;<strong>UNF agit sur les questions relatives au glyphosate</strong> <em>&#8211; par Cherry Halcovitch. </em>Cherry explique le contexte de la pétition en ligne de l&rsquo;UNF exigeant que l&rsquo;ARLA limite de manière vocale et cohérente l&rsquo;utilisation du glyphosate pour l&rsquo;assèchement des cultures.</p>
<h3>Participez :</h3>
<p><strong>Projet de leadership climatique de l&rsquo;UNF</strong> &#8211; nous voulons savoir comment le changement climatique vous affecte et comment vous pratiquez l&rsquo;agriculture.<br />
Détails de la <strong>50ème convention annuelle de l&rsquo;UNF</strong> et <a href="https://www.nfu.ca/2019convention/register/"><br />
  <strong>l&rsquo;inscription à l&rsquo;avance</strong><br />
</a> info<br />
<strong>Prix Beingessner</strong> &#8211; Le thème de cette année est le suivant :  <em>Les fermières sont en première ligne de la crise climatique. À l&rsquo;heure où les fermiers doivent envisager et mettre en œuvre des stratégies d&rsquo;adaptation au climat et d&rsquo;atténuation de ses effets, à quoi ressemble pour vous l&rsquo;agriculture dans un climat en évolution ?</em>  Date limite d&rsquo;inscription : 1er novembre 2019</p>

<p>Dans ce numéro : Messages du comité consultatif de rédaction, de la présidente Katie Ward, de la présidente des femmes Toby Malloy, du président des jeunes Stuart Oke et des</p>
