
{"id":27494,"date":"2016-04-02T13:47:08","date_gmt":"2016-04-02T19:47:08","guid":{"rendered":"https:\/\/www.nfu.ca\/publications\/union-fermiere-trimestrial-printemps-2016\/"},"modified":"2025-02-14T13:06:52","modified_gmt":"2025-02-14T19:06:52","slug":"union-fermiere-trimestrial-printemps-2016","status":"publish","type":"publications","link":"https:\/\/www.nfu.ca\/fr\/publications\/union-fermiere-trimestrial-printemps-2016\/","title":{"rendered":"Union Fermi\u00e8re Trimestrielle : Printemps 2016"},"content":{"rendered":"<p><strong>Contenu :<\/strong><\/p>\n<ul>\n<li>Message du comit\u00e9 consultatif de r\u00e9daction<\/li>\n<li>Message du Pr\u00e9sident<\/li>\n<li>Message de la pr\u00e9sidente des femmes<\/li>\n<li>Message du pr\u00e9sident de la jeunesse <span class=\"nfu-acronym-en\"><\/span> <\/li>\n<li>Rapports r\u00e9gionaux<\/li>\n<li>Rencontrez les nouveaux membres du conseil d&rsquo;administration<\/li>\n<\/ul>\n<p><strong>Rapports du panel de la Convention :<\/strong><\/p>\n<ul>\n<li>La sant\u00e9 des sols est essentielle &#8211; R\u00e9duire l&rsquo;impact des fermi\u00e8res sur l&rsquo;eau<\/li>\n<li>Questions critiques pour les nouveaux fermiers &#8211; le d\u00e9fi de l&rsquo;acc\u00e8s au capital et \u00e0 la terre &#8211; <span class=\"nfu-acronym-en\"><\/span> les jeunes<\/li>\n<\/ul>\n<p><strong>Articles :<\/strong><\/p>\n<ul>\n<li>S&rsquo;inspirer de la souverainet\u00e9 alimentaire basque &#8211; par Alex Fletcher, membre de la r\u00e9gion 8 ( <span class=\"nfu-acronym-en\"><\/span> )<\/li>\n<li>Semer les graines de la collaboration entre les fermiers canadiens et europ\u00e9ens &#8211; Semences, commerce et d\u00e9fense des int\u00e9r\u00eats<\/li>\n<li>Nouveau r\u00e9gime d&rsquo;assurance pour les membres de <span class=\"nfu-acronym-en\"><\/span> <\/li>\n<li>Climate change, greenhouse gases, family farmers,and the food system &#8211; <span class=\"nfu-acronym-en\"><\/span> projet de recherche visant \u00e0 examiner comment nous pouvons rendre nos fermes, nos communaut\u00e9s, nos sols et nos syst\u00e8mes alimentaires plus sains et plus r\u00e9silients.<\/li>\n<\/ul>\n<p><strong>Nous nous souvenons<\/strong><\/p>\n<ul>\n<li>Cathleen Kneen<\/li>\n<li>Steven Mackinnon<\/li>\n<li>Eleanor Marlyne Wotherspoon<\/li>\n<\/ul>\n<p><strong>Appel \u00e0 candidatures :<\/strong> Le Prix Paul Beingessner pour l&rsquo;excellence dans la r\u00e9daction : <em>Ma vision de l&rsquo;avenir pour le syst\u00e8me agricole et alimentaire du Canada<\/em><\/p>\n","protected":false},"excerpt":{"rendered":"<p>Contenu : Message du comit\u00e9 consultatif de r\u00e9daction Message du Pr\u00e9sident Message de la pr\u00e9sidente des femmes Message du pr\u00e9sident de la jeunesse Rapports r\u00e9gionaux Rencontrez les nouveaux membres du<\/p>\n","protected":false},"author":2,"featured_media":24021,"template":"","meta":{"_acf_changed":false,"_tec_requires_first_save":true,"_EventAllDay":false,"_EventTimezone":"","_EventStartDate":"","_EventEndDate":"","_EventStartDateUTC":"","_EventEndDateUTC":"","_EventShowMap":false,"_EventShowMapLink":false,"_EventURL":"","_EventCost":"","_EventCostDescription":"","_EventCurrencySymbol":"","_EventCurrencyCode":"","_EventCurrencyPosition":"","_EventDateTimeSeparator":"","_EventTimeRangeSeparator":"","_EventOrganizerID":[],"_EventVenueID":[],"_OrganizerEmail":"","_OrganizerPhone":"","_OrganizerWebsite":"","_VenueAddress":"","_VenueCity":"","_VenueCountry":"","_VenueProvince":"","_VenueState":"","_VenueZip":"","_VenuePhone":"","_VenueURL":"","_VenueStateProvince":"","_VenueLat":"","_VenueLng":"","_VenueShowMap":false,"_VenueShowMapLink":false,"_tribe_blocks_recurrence_rules":"","_tribe_blocks_recurrence_description":"","_tribe_blocks_recurrence_exclusions":"","_ecp_custom_4":"","_ecp_custom_7":"","_ecp_custom_9":"","_ecp_custom_10":"","_ecp_custom_12":"","_ecp_custom_13":""},"tags":[],"pub_types":[597,316],"post_region":[],"post_campaign":[],"pub-year":[468],"class_list":["post-27494","publications","type-publications","status-publish","has-post-thumbnail","hentry","pub_types-periodiques","pub_types-union-fermiere","pub-year-2016-fr-2"],"acf":[],"_links":{"self":[{"href":"https:\/\/www.nfu.ca\/fr\/wp-json\/wp\/v2\/publications\/27494","targetHints":{"allow":["GET"]}}],"collection":[{"href":"https:\/\/www.nfu.ca\/fr\/wp-json\/wp\/v2\/publications"}],"about":[{"href":"https:\/\/www.nfu.ca\/fr\/wp-json\/wp\/v2\/types\/publications"}],"author":[{"embeddable":true,"href":"https:\/\/www.nfu.ca\/fr\/wp-json\/wp\/v2\/users\/2"}],"wp:featuredmedia":[{"embeddable":true,"href":"https:\/\/www.nfu.ca\/fr\/wp-json\/wp\/v2\/media\/24021"}],"wp:attachment":[{"href":"https:\/\/www.nfu.ca\/fr\/wp-json\/wp\/v2\/media?parent=27494"}],"wp:term":[{"taxonomy":"post_tag","embeddable":true,"href":"https:\/\/www.nfu.ca\/fr\/wp-json\/wp\/v2\/tags?post=27494"},{"taxonomy":"pub_types","embeddable":true,"href":"https:\/\/www.nfu.ca\/fr\/wp-json\/wp\/v2\/pub_types?post=27494"},{"taxonomy":"post_region","embeddable":true,"href":"https:\/\/www.nfu.ca\/fr\/wp-json\/wp\/v2\/post_region?post=27494"},{"taxonomy":"post_campaign","embeddable":true,"href":"https:\/\/www.nfu.ca\/fr\/wp-json\/wp\/v2\/post_campaign?post=27494"},{"taxonomy":"pub-year","embeddable":true,"href":"https:\/\/www.nfu.ca\/fr\/wp-json\/wp\/v2\/pub-year?post=27494"}],"curies":[{"name":"wp","href":"https:\/\/api.w.org\/{rel}","templated":true}]}}

Union Fermière Trimestrielle : Printemps 2016

<p><strong>Contenu :</strong></p>
<ul>
<li>Message du comité consultatif de rédaction</li>
<li>Message du Président</li>
<li>Message de la présidente des femmes</li>
<li>Message du président de la jeunesse <span class="nfu-acronym-en"></span> </li>
<li>Rapports régionaux</li>
<li>Rencontrez les nouveaux membres du conseil d&rsquo;administration</li>
</ul>
<p><strong>Rapports du panel de la Convention :</strong></p>
<ul>
<li>La santé des sols est essentielle &#8211; Réduire l&rsquo;impact des fermières sur l&rsquo;eau</li>
<li>Questions critiques pour les nouveaux fermiers &#8211; le défi de l&rsquo;accès au capital et à la terre &#8211; <span class="nfu-acronym-en"></span> les jeunes</li>
</ul>
<p><strong>Articles :</strong></p>
<ul>
<li>S&rsquo;inspirer de la souveraineté alimentaire basque &#8211; par Alex Fletcher, membre de la région 8 ( <span class="nfu-acronym-en"></span> )</li>
<li>Semer les graines de la collaboration entre les fermiers canadiens et européens &#8211; Semences, commerce et défense des intérêts</li>
<li>Nouveau régime d&rsquo;assurance pour les membres de <span class="nfu-acronym-en"></span> </li>
<li>Climate change, greenhouse gases, family farmers,and the food system &#8211; <span class="nfu-acronym-en"></span> projet de recherche visant à examiner comment nous pouvons rendre nos fermes, nos communautés, nos sols et nos systèmes alimentaires plus sains et plus résilients.</li>
</ul>
<p><strong>Nous nous souvenons</strong></p>
<ul>
<li>Cathleen Kneen</li>
<li>Steven Mackinnon</li>
<li>Eleanor Marlyne Wotherspoon</li>
</ul>
<p><strong>Appel à candidatures :</strong> Le Prix Paul Beingessner pour l&rsquo;excellence dans la rédaction : <em>Ma vision de l&rsquo;avenir pour le système agricole et alimentaire du Canada</em></p>

<p>Contenu : Message du comité consultatif de rédaction Message du Président Message de la présidente des femmes Message du président de la jeunesse Rapports régionaux Rencontrez les nouveaux membres du</p>
