
{"id":26169,"date":"2023-11-16T11:10:59","date_gmt":"2023-11-16T17:10:59","guid":{"rendered":"https:\/\/www.nfu.ca\/convention-2023-lavenir-de-lagriculture-entre-nos-mains\/medias-participez-a-la-convention-2023-de-lunf\/"},"modified":"2024-07-10T16:37:58","modified_gmt":"2024-07-10T22:37:58","slug":"medias-participez-a-la-convention-2023-de-lunf","status":"publish","type":"page","link":"https:\/\/www.nfu.ca\/fr\/archives-de-la-convention\/54eme-convention-lavenir-de-lagriculture-entre-nos-mains-2023\/medias-participez-a-la-convention-2023-de-lunf\/","title":{"rendered":"M\u00e9dias &#8211; Participez \u00e0 la convention 2023 de l&rsquo;UNF !"},"content":{"rendered":"\n<div class=\"wp-block-cover alignfull is-light has-custom-content-position is-position-bottom-center\"><span aria-hidden=\"true\" class=\"wp-block-cover__background has-background-dim-0 has-background-dim\"><\/span><img loading=\"lazy\" decoding=\"async\" width=\"1800\" height=\"600\" class=\"wp-block-cover__image-background wp-image-17559\" alt=\"NFU Convention 2023\" src=\"https:\/\/www.nfu.ca\/wp-content\/uploads\/2023\/06\/National-Convention-Website-Banner-1800-x-600-13.png\" data-object-fit=\"cover\" srcset=\"https:\/\/www.nfu.ca\/wp-content\/uploads\/2023\/06\/National-Convention-Website-Banner-1800-x-600-13.png 1800w, https:\/\/www.nfu.ca\/wp-content\/uploads\/2023\/06\/National-Convention-Website-Banner-1800-x-600-13-300x100.png 300w, https:\/\/www.nfu.ca\/wp-content\/uploads\/2023\/06\/National-Convention-Website-Banner-1800-x-600-13-1024x341.png 1024w, https:\/\/www.nfu.ca\/wp-content\/uploads\/2023\/06\/National-Convention-Website-Banner-1800-x-600-13-768x256.png 768w, https:\/\/www.nfu.ca\/wp-content\/uploads\/2023\/06\/National-Convention-Website-Banner-1800-x-600-13-1536x512.png 1536w, https:\/\/www.nfu.ca\/wp-content\/uploads\/2023\/06\/National-Convention-Website-Banner-1800-x-600-13-1600x533.png 1600w\" sizes=\"auto, (max-width: 1800px) 100vw, 1800px\" \/><div class=\"wp-block-cover__inner-container is-layout-constrained wp-block-cover-is-layout-constrained\">\n<div class=\"wp-block-stackable-heading stk-block-heading stk-block-heading--v2 stk-block stk-213ccfd banner-slug\" id=\"span-style-color-fff-class-stk-highlight-november-23-25-2023-span\" data-block-id=\"213ccfd\"><style>.stk-213ccfd .stk-block-heading__text{text-shadow:0px 2px 5px #123f52ff !important;color:#fff !important}<\/style><h6 class=\"stk-block-heading__text has-text-color has-text-align-center\"><span style=\"color: #fff;\" class=\"stk-highlight\">23-25 novembre 2023<\/span><\/h6><\/div>\n\n\n\n<div class=\"wp-block-stackable-heading stk-block-heading stk-block-heading--v2 stk-block stk-77d07d0 banner-headline\" id=\"nfu-unf-convention-2023\" data-block-id=\"77d07d0\"><style>.stk-77d07d0 .stk-block-heading__text{text-shadow:0px 8px 14px #123f52ff !important;color:#fff !important}<\/style><h1 class=\"stk-block-heading__text has-text-color has-text-align-center\">Convention UNF\/FNU 2023<\/h1><\/div>\n<\/div><\/div>\n\n<p>M\u00e9dias : vous \u00eates invit\u00e9s \u00e0 la 54e convention annuelle de l&rsquo;UNF : L&rsquo;avenir de l&rsquo;agriculture : Entre nos mains dans la capitale du pays (et en ligne gr\u00e2ce \u00e0 zoom).<\/p>\n\n<p>Veuillez noter que cette page est r\u00e9serv\u00e9e aux m\u00e9dias. N&rsquo;h\u00e9sitez pas \u00e0 en faire part \u00e0 vos coll\u00e8gues susceptibles d&rsquo;\u00eatre int\u00e9ress\u00e9s. Nous serions ravis de vous voir en personne ou de vous rejoindre en ligne \u00e0 n&rsquo;importe quel moment de la journ\u00e9e. <strong>Jeudi 23 novembre \u00e0 19 heures<\/strong> <strong>(heure de l&rsquo;Est)<\/strong>, nous vous invitons \u00e0 vous joindre \u00e0 nous pour assister \u00e0 l&rsquo;allocution de Fatima Syed sur le th\u00e8me \u00ab\u00a0L&rsquo;ann\u00e9e o\u00f9 nous n&rsquo;avons pas grandi\u00a0\u00bb.<\/p>\n\n<p>Vous trouverez plus d&rsquo;informations sur la convention de l&rsquo;UNF sur la page principale <a href=\"https:\/\/www.nfu.ca\/fr\/convention-2023-lavenir-de-lagriculture-entre-nos-mains\/\">: https:\/\/www.nfu.ca\/2023convention\/<\/a><\/p>\n\n<p><strong>Inscrivez-vous ci-dessous pour recevoir le lien de zoom :  <\/strong><\/p>\n","protected":false},"excerpt":{"rendered":"<p>M\u00e9dias : vous \u00eates invit\u00e9s \u00e0 la 54e convention annuelle de l&rsquo;UNF : L&rsquo;avenir de l&rsquo;agriculture : Entre nos mains dans la capitale du pays (et en ligne gr\u00e2ce \u00e0<\/p>\n","protected":false},"author":239,"featured_media":25405,"parent":26138,"menu_order":0,"comment_status":"closed","ping_status":"closed","template":"tmpl-blocks-contained.php","meta":{"_acf_changed":false,"_tec_requires_first_save":true,"_EventAllDay":false,"_EventTimezone":"","_EventStartDate":"","_EventEndDate":"","_EventStartDateUTC":"","_EventEndDateUTC":"","_EventShowMap":false,"_EventShowMapLink":false,"_EventURL":"","_EventCost":"","_EventCostDescription":"","_EventCurrencySymbol":"","_EventCurrencyCode":"","_EventCurrencyPosition":"","_EventDateTimeSeparator":"","_EventTimeRangeSeparator":"","_EventOrganizerID":[],"_EventVenueID":[],"_OrganizerEmail":"","_OrganizerPhone":"","_OrganizerWebsite":"","_VenueAddress":"","_VenueCity":"","_VenueCountry":"","_VenueProvince":"","_VenueState":"","_VenueZip":"","_VenuePhone":"","_VenueURL":"","_VenueStateProvince":"","_VenueLat":"","_VenueLng":"","_VenueShowMap":false,"_VenueShowMapLink":false,"_tribe_blocks_recurrence_rules":"","_tribe_blocks_recurrence_description":"","_tribe_blocks_recurrence_exclusions":"","_ecp_custom_4":"","_ecp_custom_7":"","_ecp_custom_9":"","_ecp_custom_10":"","_ecp_custom_12":"","_ecp_custom_13":"","footnotes":""},"post_region":[],"post_campaign":[],"class_list":["post-26169","page","type-page","status-publish","has-post-thumbnail","hentry"],"acf":[],"_links":{"self":[{"href":"https:\/\/www.nfu.ca\/fr\/wp-json\/wp\/v2\/pages\/26169","targetHints":{"allow":["GET"]}}],"collection":[{"href":"https:\/\/www.nfu.ca\/fr\/wp-json\/wp\/v2\/pages"}],"about":[{"href":"https:\/\/www.nfu.ca\/fr\/wp-json\/wp\/v2\/types\/page"}],"author":[{"embeddable":true,"href":"https:\/\/www.nfu.ca\/fr\/wp-json\/wp\/v2\/users\/239"}],"replies":[{"embeddable":true,"href":"https:\/\/www.nfu.ca\/fr\/wp-json\/wp\/v2\/comments?post=26169"}],"version-history":[{"count":0,"href":"https:\/\/www.nfu.ca\/fr\/wp-json\/wp\/v2\/pages\/26169\/revisions"}],"up":[{"embeddable":true,"href":"https:\/\/www.nfu.ca\/fr\/wp-json\/wp\/v2\/pages\/26138"}],"wp:featuredmedia":[{"embeddable":true,"href":"https:\/\/www.nfu.ca\/fr\/wp-json\/wp\/v2\/media\/25405"}],"wp:attachment":[{"href":"https:\/\/www.nfu.ca\/fr\/wp-json\/wp\/v2\/media?parent=26169"}],"wp:term":[{"taxonomy":"post_region","embeddable":true,"href":"https:\/\/www.nfu.ca\/fr\/wp-json\/wp\/v2\/post_region?post=26169"},{"taxonomy":"post_campaign","embeddable":true,"href":"https:\/\/www.nfu.ca\/fr\/wp-json\/wp\/v2\/post_campaign?post=26169"}],"curies":[{"name":"wp","href":"https:\/\/api.w.org\/{rel}","templated":true}]}}

Médias &#8211; Participez à la convention 2023 de l&rsquo;UNF !

<div class="wp-block-cover alignfull is-light has-custom-content-position is-position-bottom-center"><span aria-hidden="true" class="wp-block-cover__background has-background-dim-0 has-background-dim"></span><img loading="lazy" decoding="async" width="1800" height="600" class="wp-block-cover__image-background wp-image-17559" alt="NFU Convention 2023" src="https://www.nfu.ca/wp-content/uploads/2023/06/National-Convention-Website-Banner-1800-x-600-13.png" data-object-fit="cover" srcset="https://www.nfu.ca/wp-content/uploads/2023/06/National-Convention-Website-Banner-1800-x-600-13.png 1800w, https://www.nfu.ca/wp-content/uploads/2023/06/National-Convention-Website-Banner-1800-x-600-13-300x100.png 300w, https://www.nfu.ca/wp-content/uploads/2023/06/National-Convention-Website-Banner-1800-x-600-13-1024x341.png 1024w, https://www.nfu.ca/wp-content/uploads/2023/06/National-Convention-Website-Banner-1800-x-600-13-768x256.png 768w, https://www.nfu.ca/wp-content/uploads/2023/06/National-Convention-Website-Banner-1800-x-600-13-1536x512.png 1536w, https://www.nfu.ca/wp-content/uploads/2023/06/National-Convention-Website-Banner-1800-x-600-13-1600x533.png 1600w" sizes="auto, (max-width: 1800px) 100vw, 1800px" /><div class="wp-block-cover__inner-container is-layout-constrained wp-block-cover-is-layout-constrained">
<div class="wp-block-stackable-heading stk-block-heading stk-block-heading--v2 stk-block stk-213ccfd banner-slug" id="span-style-color-fff-class-stk-highlight-november-23-25-2023-span" data-block-id="213ccfd"><style>.stk-213ccfd .stk-block-heading__text{text-shadow:0px 2px 5px #123f52ff !important;color:#fff !important}</style><h6 class="stk-block-heading__text has-text-color has-text-align-center"><span style="color: #fff;" class="stk-highlight">23-25 novembre 2023</span></h6></div>



<div class="wp-block-stackable-heading stk-block-heading stk-block-heading--v2 stk-block stk-77d07d0 banner-headline" id="nfu-unf-convention-2023" data-block-id="77d07d0"><style>.stk-77d07d0 .stk-block-heading__text{text-shadow:0px 8px 14px #123f52ff !important;color:#fff !important}</style><h1 class="stk-block-heading__text has-text-color has-text-align-center">Convention UNF/FNU 2023</h1></div>
</div></div>

<p>Médias : vous êtes invités à la 54e convention annuelle de l&rsquo;UNF : L&rsquo;avenir de l&rsquo;agriculture : Entre nos mains dans la capitale du pays (et en ligne grâce à zoom).</p>

<p>Veuillez noter que cette page est réservée aux médias. N&rsquo;hésitez pas à en faire part à vos collègues susceptibles d&rsquo;être intéressés. Nous serions ravis de vous voir en personne ou de vous rejoindre en ligne à n&rsquo;importe quel moment de la journée. <strong>Jeudi 23 novembre à 19 heures</strong> <strong>(heure de l&rsquo;Est)</strong>, nous vous invitons à vous joindre à nous pour assister à l&rsquo;allocution de Fatima Syed sur le thème « L&rsquo;année où nous n&rsquo;avons pas grandi ».</p>

<p>Vous trouverez plus d&rsquo;informations sur la convention de l&rsquo;UNF sur la page principale <a href="https://www.nfu.ca/fr/convention-2023-lavenir-de-lagriculture-entre-nos-mains/">: https://www.nfu.ca/2023convention/</a></p>

<p><strong>Inscrivez-vous ci-dessous pour recevoir le lien de zoom :  </strong></p>

<p>Médias : vous êtes invités à la 54e convention annuelle de l&rsquo;UNF : L&rsquo;avenir de l&rsquo;agriculture : Entre nos mains dans la capitale du pays (et en ligne grâce à</p>
